{"id":7783,"date":"2017-10-05T11:29:54","date_gmt":"2017-10-05T09:29:54","guid":{"rendered":"http:\/\/www.prospereando.es\/?page_id=7783"},"modified":"2017-10-08T20:51:14","modified_gmt":"2017-10-08T18:51:14","slug":"politica-de-cookies","status":"publish","type":"page","link":"https:\/\/www.prospereando.es\/index.php\/politica-de-cookies\/","title":{"rendered":"Pol\u00edtica de cookies"},"content":{"rendered":"<p>De acuerdo con la obligaci\u00f3n establecida por el Real Decreto- Ley 13\/2012, que modifica la Ley 34\/2002, de 11 de Julio de Servicios de la Informaci\u00f3n, se le informa y solicita el consentimiento del usuario de la web acerca del uso de cookies por la p\u00e1gina web www.prospereando.es<\/p>\n<p>Las cookies son ficheros enviados e instalados en el equipo del usuario por medio del navegador, utilizados con la finalidad de registrar las actividades del usuario durante su tiempo de navegaci\u00f3n, con datos estad\u00edsticos para mejorar la navegaci\u00f3n.<\/p>\n<p>Las cookies propias de www.prospereando.es recogen informaci\u00f3n an\u00f3nima, y en ning\u00fan supuesto se identifica al usuario.<\/p>\n<p>Dado que www.prospereando.es incluye enlaces a otros proveedores de servicios como Google, estos pueden hacer uso de sus propias cookies, aplic\u00e1ndose sus correspondientes pol\u00edticas de uso.<\/p>\n<p>Algunas de las cookies externas que se instalan en www.prospereando.es son:<\/p>\n<table class=\"table\">\n<thead>\n<tr>\n<th>nombre<\/th>\n<th>dominio<\/th>\n<th>finalidad<\/th>\n<th>expiraci\u00f3n<\/th>\n<\/tr>\n<\/thead>\n<tbody>\n<tr>\n<td>ga<\/td>\n<td>google.com<\/td>\n<td>google analytics<\/td>\n<td>sesi\u00f3n<\/td>\n<\/tr>\n<tr>\n<td>NID<\/td>\n<td>google.com<\/td>\n<td>google maps<\/td>\n<td>sesi\u00f3n<\/td>\n<\/tr>\n<\/tbody>\n<\/table>\n<p>Estas cookies pueden variar en n\u00famero, uso, etc, ya que pertenecen a terceras partes y dependen de si el usuario ha iniciado sesi\u00f3n en google, facebook, etc.<\/p>\n<p>Las cookies utilizadas por el sitio web se asocian \u00fanicamente con un usuario an\u00f3nimo y su ordenador, y no proporcionan por si mismas los datos<br \/>\npersonales del usuario.<\/p>\n<p>Mediante el uso de las cookies resulta posible que el servidor donde se ubica la web reconozca el navegador utilizado por el usuario con la finalidad de que la navegaci\u00f3n sea m\u00e1s sencilla, permitiendo, por ejemplo, el acceso a los usuarios que se hayan registrado de manera previa, acceder a las \u00e1reas, servicios, sin tener que registrarse en cada visita. Se utilizan tambi\u00e9n para medir la audiencia y par\u00e1metros de tr\u00e1fico, controlar el progreso y n\u00famero de entradas.<\/p>\n<p>El usuario tiene la posibilidad de configurar su navegador para ser avisado de la recepci\u00f3n de coookies y para impedir su instalaci\u00f3n en su equipo.<\/p>\n<p>www.prospereando.es pone a disposici\u00f3n del usuario enlaces con las instrucciones de los navegadores m\u00e1s comunes a fin de impedir la<br \/>\ninstalaci\u00f3n de cookies en su ordenador:<\/p>\n<p>&nbsp;<\/p>\n<ul class=\"h4 circle-bullet\">\n<li style=\"text-decoration: underline;\"><a href=\"https:\/\/support.google.com\/chrome\/answer\/95647?hl=es-419\" target=\"_blank\" rel=\"noopener noreferrer\">Google Chrome<\/a><\/li>\n<li style=\"text-decoration: underline;\"><a href=\"http:\/\/windows.microsoft.com\/es-xl\/internet-explorer\/delete-manage-cookies#ie=ie-10\" target=\"_blank\" rel=\"noopener noreferrer\">Internet Explorer<\/a><\/li>\n<li style=\"text-decoration: underline;\"><a href=\"https:\/\/support.mozilla.org\/es\/kb\/habilitar-y-deshabilitar-cookies-que-los-sitios-we\" target=\"_blank\" rel=\"noopener noreferrer\">Mozilla Firefox<\/a><\/li>\n<\/ul>\n<p>&nbsp;<\/p>\n<p><strong>Las cookies utilizadas en este sitio web, tienen en todo caso, car\u00e1cter temporal, con la \u00fanica finalidad de hacer m\u00e1s eficaz su transmisi\u00f3n ulterior.<\/strong><br \/>\n<strong> En ning\u00fan caso se utilizar\u00e1n las cookies para recoger informaci\u00f3n de car\u00e1cter personal.<\/strong><\/p>\n","protected":false},"excerpt":{"rendered":"<p>De acuerdo con la obligaci\u00f3n establecida por el Real Decreto- Ley 13\/2012, que modifica la Ley 34\/2002, de 11 de Julio de Servicios de la Informaci\u00f3n, se le informa y solicita el consentimiento del usuario de la web acerca del uso de cookies por la p\u00e1gina web www.prospereando.es Las cookies son ficheros enviados e instalados en el equipo del usuario por medio del navegador, utilizados con la finalidad de registrar las actividades del usuario durante su tiempo de navegaci\u00f3n, con datos estad\u00edsticos para mejorar la navegaci\u00f3n. Las cookies propias de &hellip; <\/p>\n","protected":false},"author":1,"featured_media":0,"parent":0,"menu_order":0,"comment_status":"closed","ping_status":"closed","template":"","meta":{"footnotes":""},"class_list":["post-7783","page","type-page","status-publish","hentry"],"_links":{"self":[{"href":"https:\/\/www.prospereando.es\/index.php\/wp-json\/wp\/v2\/pages\/7783","targetHints":{"allow":["GET"]}}],"collection":[{"href":"https:\/\/www.prospereando.es\/index.php\/wp-json\/wp\/v2\/pages"}],"about":[{"href":"https:\/\/www.prospereando.es\/index.php\/wp-json\/wp\/v2\/types\/page"}],"author":[{"embeddable":true,"href":"https:\/\/www.prospereando.es\/index.php\/wp-json\/wp\/v2\/users\/1"}],"replies":[{"embeddable":true,"href":"https:\/\/www.prospereando.es\/index.php\/wp-json\/wp\/v2\/comments?post=7783"}],"version-history":[{"count":3,"href":"https:\/\/www.prospereando.es\/index.php\/wp-json\/wp\/v2\/pages\/7783\/revisions"}],"predecessor-version":[{"id":7836,"href":"https:\/\/www.prospereando.es\/index.php\/wp-json\/wp\/v2\/pages\/7783\/revisions\/7836"}],"wp:attachment":[{"href":"https:\/\/www.prospereando.es\/index.php\/wp-json\/wp\/v2\/media?parent=7783"}],"curies":[{"name":"wp","href":"https:\/\/api.w.org\/{rel}","templated":true}]}}